d 49.
49
What is the greatest common divisor of 63980 and 10?
10
Calculate the greatest common factor of 364 and 18811.
13
What is the greatest common divisor of 1095951 and 1212?
303
Calculate the highest common divisor of 141772 and 1072.
268
What is the highest common divisor of 6 and 2650?
2
What is the greatest common factor of 36 and 23022?
18
Calculate the greatest common divisor of 9339910 and 74.
74
Calculate the greatest common divisor of 109326 and 210.
42
Calculate the greatest common factor of 253 and 673739.
253
What is the highest common factor of 39482 and 266?
38
What is the highest common divisor of 1085 and 21640?
5
Calculate the highest common divisor of 17777 and 232.
29
Calculate the greatest common divisor of 291670 and 90.
10
Calculate the highest common divisor of 477 and 15417.
9
Calculate the highest common divisor of 57616 and 364.
52
Calculate the greatest common factor of 632 and 170719.
79
What is the greatest common factor of 281 and 223957?
281
What is the greatest common factor of 477 and 2809?
53
Calculate the highest common divisor of 4188 and 60.
12
Calculate the highest common factor of 22941 and 45.
9
Calculate the greatest common factor of 184 and 37697.
23
What is the greatest common factor of 33166 and 1078616?
1442
Calculate the greatest common factor of 124 and 595789.
31
What is the greatest common divisor of 252708 and 36?
12
Calculate the highest common factor of 39096 and 92664.
216
Calculate the greatest common factor of 155480 and 5785.
65
Calculate the highest common divisor of 196 and 23044.
28
What is the highest common divisor of 25332 and 8?
4
What is the greatest common divisor of 81 and 286119?
27
Calculate the greatest common factor of 585 and 234351.
117
Calculate the greatest common factor of 3805 and 395.
5
What is the greatest common divisor of 171520 and 268?
268
What is the greatest common divisor of 30193504 and 682?
682
Calculate the greatest common factor of 406111 and 23.
23
What is the highest common divisor of 5842 and 8128?
254
Calculate the highest common divisor of 30 and 15186.
6
Calculate the highest common factor of 995247 and 891.
891
Calculate the greatest common divisor of 38 and 1067078.
38
What is the highest common divisor of 114955 and 38180?
415
What is the highest common divisor of 1131 and 31902?
39
What is the greatest common divisor of 3128 and 8004?
92
Calculate the greatest common divisor of 997600 and 116.
116
Calculate the greatest common divisor of 1184 and 38.
2
What is the highest common factor of 168 and 1308993?
21
What is the highest common factor of 116 and 81142?
58
What is the highest common divisor of 657600 and 64?
64
What is the highest common factor of 1536 and 132?
12
Calculate the highest common factor of 3250 and 14560.
130
Calculate the greatest common divisor of 22678 and 598.
46
Calculate the greatest common divisor of 69721 and 1130.
113
Calculate the greatest common divisor of 73710 and 364.
182
What is the highest common factor of 465099 and 18279?
2031
Calculate the highest common factor of 869687 and 399.
133
What is the greatest common factor of 40 and 6230?
10
What is the greatest common factor of 4092 and 132?
132
What is the highest common divisor of 3811725 and 675?
675
Calculate the greatest common factor of 6292479 and 6147.
2049
Calculate the greatest common factor of 433503 and 12789.
441
What is the greatest common factor of 4772914 and 46?
46
What is the highest common divisor of 616 and 1540?
308
What is the greatest common divisor of 2769782 and 38?
38
What is the highest common factor of 78 and 2428374?
78
Calculate the greatest common factor of 136 and 88094.
34
What is the greatest common factor of 18272 and 32?
32
What is the highest common factor of 19856 and 7344?
272
What is the greatest common divisor of 74 and 87061?
37
What is the greatest common divisor of 321244 and 5215?
1043
Calculate the greatest common divisor of 3 and 3849.
3
Calculate the highest common divisor of 4 and 1829.
1
What is the highest common factor of 404377 and 19?
19
Calculate the greatest common factor of 684 and 19076.
76
What is the highest common divisor of 2125983 and 1284?
321
What is the greatest common factor of 10793 and 1591?
43
Calculate the greatest common factor of 165 and 165759.
33
Calculate the greatest common divisor of 6104 and 168.
56
What is the greatest common divisor of 670 and 1340?
670
Calculate the highest common factor of 3972408 and 792.
264
What is the highest common factor of 1716 and 11388?
156
What is the highest common factor of 4 and 32924?
4
What is the greatest common divisor of 70682 and 118?
118
What is the greatest common factor of 535373 and 191?
191
Calculate the highest common divisor of 184 and 15896.
8
What is the highest common factor of 4137 and 156024?
591
What is the highest common factor of 50 and 12575?
25
Calculate the greatest common divisor of 423 and 2496828.
141
What is the highest common factor of 156 and 10092?
12
Calculate the highest common divisor of 187 and 318043.
11
What is the greatest common factor of 10051 and 304?
19
Calculate the greatest common factor of 56463 and 66.
33
What is the greatest common factor of 597 and 141688?
199
Calculate the highest common factor of 1905 and 2029460.
635
What is the greatest common factor of 248760 and 1080?
360
What is the highest common divisor of 7595 and 155?
155
Calculate the highest common factor of 12099 and 35520.
111
What is the highest common factor of 50 and 6925?
25
What is the highest common factor of 9 and 5546691?
9
Calculate the greatest common divisor of 53760 and 2730.
210
Calculate the highest common factor of 407296 and 4816.
688
Calculate the highest common divisor of 564 and 1334988.
564
Calculate the greatest common factor of 1920 and 519168.
384
Calculate the highest common divisor of 69 and 26427.
69
Calculate the greatest common divisor of 42 and 17122.
14
What is the greatest common divisor of 82 and 7831?
41
Calculate the greatest common divisor of 1249 and 2774029.
1249
Calculate the greatest common divisor of 2224 and 21936.
16
What is the highest common divisor of 493564 and 2271?
757
What is the greatest common factor of 932326 and 37?
37
What is the highest common divisor of 2047 and 7387?
89
Calculate the greatest common divisor of 19754 and 1428.
238
What is the greatest common factor of 65 and 1585?
5
Calculate the highest common divisor of 14596 and 9676.
164
Calculate the greatest common divisor of 21936 and 21479.
457
Calculate the highest common divisor of 4730 and 2970.
110
What is the highest common divisor of 326646 and 782?
46
What is the highest common divisor of 4140 and 260?
20
Calculate the greatest common factor of 101598 and 12.
6
Calculate the greatest common divisor of 58926 and 276.
138
Calculate the greatest common divisor of 68 and 28883.
17
What is the greatest common factor of 632 and 148?
4
Calculate the greatest common divisor of 9827 and 186.
31
Calculate the highest common divisor of 671634 and 36.
18
Calculate the greatest common factor of 21 and 16.
1
What is the highest common factor of 2025 and 1325?
25
Calculate the greatest common factor of 265 and 3295.
5
Calculate the greatest common factor of 3474 and 212686.
386
Calculate the greatest common divisor of 905 and 286161.
181
Calculate the greatest common divisor of 1674 and 2976.
186
Calculate the highest common factor of 110 and 96470.
110
What is the greatest common divisor of 86878 and 359?
359
What is the greatest common factor of 10773 and 1659?
21
What is the greatest common divisor of 4504 and 7319?
563
What is the greatest common factor of 255332 and 84?
28
Calculate the highest common divisor of 1939022 and 74.
74
What is the greatest common divisor of 142819 and 9538?
251
What is the greatest common factor of 12 and 747780?
12
Calculate the highest common factor of 2496 and 42848.
416
What is the highest common divisor of 1482 and 46113?
57
Calculate the greatest common factor of 530 and 56800.
10
Calculate the greatest common divisor of 113974 and 169798.
2326
Calculate the highest common factor of 101764 and 14820.
988
Calculate the highest common factor of 456 and 3496.
152
What is the greatest commo